7. Calculate j(-13).
-2
Let y(p) = 15*p**2 - p. Suppose 3*b + 4*n = -23 + 67, 3*b - 39 = -3*n. Suppose -20*z + b*z = 12. What is y(z)?
16
Let y be (-30)/(-7 + 277)*0. Let q(h) = -4*h**3 + 5*h**2 + 5*h + 4. Let g(u) = 3*u**3 - 4*u**2 - 4*u - 5. Let z(k) = 5*g(k) + 4*q(k). Determine z(y).
-9
Let m be (0 + 3)/(6/8). Suppose -o = 5*k - 10, k + k - 4*o = m. Let r(b) = 22*b**2 - 9 - 23*b**2 + 11*b - k. Determine r(8).
13
Let y(o) = 3*o**3 + 396*o**2 - 2*o**3 - 199*o**2 - 1 - 3 - 201*o**2 - 7*o. What is y(6)?
26
Let y(t) = -t**2 + 3*t + 47. Suppose -260*q + 47*q = 901 + 164. Determine y(q).
7
Let p be 2/10 - ((-338)/1183 + (-316)/70). Let i(j) = 28*j - 27. Calculate i(p).
113
Let c(p) = -p**2 + 13*p + 23. Suppose 20*y + 12*y - 36 = 29*y. Give c(y).
35
Let s be (-4)/(-6)*((-54)/(-48))/(12/112). Let t(b) = 6*b - 33. Calculate t(s).
9
Let o(b) = b**2 - 6*b + 22. Suppose -464*t + 230*t + 230*t + 20 = 0. Determine o(t).
17
Let d(o) be the first derivative of 3*o**4/4 - 10*o**3/3 - 15*o**2/2 - 25*o - 79. Let x(s) = 2*s**3 + s**2 - s. Let j(z) = -d(z) + 2*x(z). Give j(-11).
3
Let s(k) = -5*k**2 + k - 1. Let y be ((-2640)/130)/11 + (-2)/13. Let m be (-351)/297 + y/(-11) + 2. Give s(m).
-5
Let i = 0 + 2. Let t(y) = 2 - 4 + 0 + i*y - 7*y**2. Let l = 24585 + -24583. What is t(l)?
-26
Suppose 0 = -602*o + 640*o - 342. Let h(q) = -q**3 + 10*q**2 - 9*q + 19. What is h(o)?
19
Let q = 2524 - 2511. Let a(n) = -2*n**2 + 28*n - 21. What is a(q)?
5
Let a(d) = -6*d**2 - d + 4. Suppose 3*s + 8 = -k, -10*k = -5*s + 2*k - 27. Calculate a(s).
-47
Let x(k) = k**3 - 6*k**2 - 2*k - 3. Let u(d) = -11*d + 50. Let m be u(4). Give x(m).
-15
Let f(b) = 27*b - 193. Let i be f(7). Let w(u) = 3*u**3 + 14*u**2 + 4*u + 2. Determine w(i).
18
Let k(i) be the third derivative of -i**6/360 - 2*i**5/15 - 11*i**4/12 - 55*i**3/3 - 102*i**2 + i. Let c(a) be the first derivative of k(a). Calculate c(-15).
-7
Let d(i) = -2*i**2 + 88*i + 836. Let u be d(-8). Let q(x) = -x**3 - 2*x**2 + 10*x + 8. Calculate q(u).
-48
Let m(g) = -g + 2. Let y(u) = -3*u + 13. Let l(p) = -2*m(p) + y(p). Determine l(2).
7
Let t(h) be the third derivative of -h**4/12 - 49*h**3/3 - 72*h**2 - 3*h - 7. Calculate t(-45).
-8
Let v = -71 - -66. Let a be (v - (8 - 4))*1. Let q(l) = -2*l**3 + 8*l**2 - 7*l + 16. Let h(x) = -x**3 + 1. Let t(g) = -3*h(g) + q(g). Calculate t(a).
-5
Let k(s) = -s**3 - 7*s**2 - 3*s + 18. Let c be -20*(-4*27/30 - -4). Determine k(c).
106
Let l(s) = -s + 5. Suppose -3*d + 109 - 91 = 0. Give l(d).
-1
Let x(y) be the second derivative of y**4/6 - 19*y**3/6 + 17*y**2/2 - 833*y + 4. Determine x(10).
27
Let t(l) be the second derivative of -17*l**3/3 - 3*l**2/2 - 1828*l. Give t(-2).
65
Let w(u) = 2*u**2 - 5*u - 4. Suppose 2*x - 13 = 5*s, -3*s + s + 5*x - 22 = 0. Let k(o) = o**2 + o + 2. Let n(d) = s*k(d) + w(d). Give n(7).
1
Let z(w) be the third derivative of -w**5/60 - w**4/2 - w**3/6 - 5*w**2. Let v(c) = c**2 + 13*c. Let g(p) = -5*v(p) - 6*z(p). Let n = -13 - -7. Calculate g(n).
0
Let c(z) = z**3 + 16*z**2 - 42*z - 22. Let a be (3/(-15)*3)/((-4)/(-120)). Give c(a).
86
Let v(a) = -19*a**2 + 49*a + 19. Let p(h) = 6*h**2 - 15*h - 6. Let o(g) = 13*p(g) + 4*v(g). Suppose -5 = 2*y + 1. Let c = -6 - y. Calculate o(c).
13
Let t(m) be the first derivative of 11*m**2/2 - 35*m - 1187. Calculate t(4).
9
Let q(j) be the second derivative of j**3/3 - 4*j**2 + j. Let a = -571 - -602. Suppose a*l - 33*l + 12 = 0. Give q(l).
4
Suppose 5*x = -0*x. Let j be -6 + 3 + 1 + x. Let s(i) be the second derivative of i**5/20 + i**4/6 + i**3/3 - i**2 + i + 72. Calculate s(j).
-6
Suppose 10 = -5*s, -h - s - 5 = -2*h. Let w(q) = -2836*q - 12 - 2836*q + 8521*q - 2844*q. What is w(h)?
3
Let x(f) = -13*f - 1. Let j(z) = 8*z**2 + 29*z + 42. Let s(n) = 2*n**2 + n. Let a(k) = j(k) - 3*s(k). Let t be a(-11). What is x(t)?
25
Let i(s) = s**2 - 8*s - 10. Let v(f) = f**2 + f + 8. Suppose 2*r - 11*r + 63 = 0. Suppose 2*p = r*p. Let q be v(p). Determine i(q).
-10
Let r = 22 - 17. Let n(b) = 2*b**3 + r*b**2 - 7*b**3 + 4*b + 6*b**3 + 1. Let g = 12767 - 12770. Calculate n(g).
7
Let c(a) = -a - 8. Let u(v) = -9. Let d(b) = -c(b) + u(b). What is d(-1)?
-2
Let p(i) = 992*i**2 - 22 - 999*i**2 - i**3 + 31. Give p(-5).
-41
Let v(r) be the first derivative of r**4/4 + r**2 - 105*r - 802. What is v(0)?
-105
Let z(f) = 3*f**2 - 431*f - 17 + 442*f - f**2. Let p be z(-7). Let n be -3 - (-1 + p - 2). Let v(a) = 6*a + 3. Determine v(n).
-21
Suppose -12 = -2*c + 4*p, -401*c - 5*p = -396*c. Let r(j) = -9*j + 18. Give r(c).
0
Let s be 792/594*(-27)/(-12). Let w(t) = 13*t + 7. Determine w(s).
46
Let x(l) = -2*l**3 - 50*l**2 + l - 10. Suppose 13351*w - 175 = 13358*w. Determine x(w).
-35
Let k(h) = -11*h + 11. Let f(n) = 29*n - 31. Let s(y) = 3*f(y) + 8*k(y). Let j(w) = 2*w**2 - 16*w + 4. Let i be j(8). What is s(i)?
-9
Let l(x) = 2*x**2 + 35*x - 2475. Let s be l(-45). Let y(k) = -k**3 - k**2 + 3*k + 12. Determine y(s).
12
Let w(g) = 2 + 17*g - 89 - 26*g. Determine w(-9).
-6
Let t(h) be the second derivative of 2*h**3 - 59*h**2 - 62*h - 3. Give t(10).
2
Let u(r) be the first derivative of 18*r**2 - r - 3368. Calculate u(2).
71
Let z(r) = 14*r - 134. Let t be z(10). Let a(x) = -5*x**2 + 32*x - 4. What is a(t)?
8
Let n(m) = m**2 + 9*m + 9. Let x be (-3)/(-2)*(100/12 - 7). Suppose -x*b + 11 = -2*q - 3*b, -2*q - 9 = 3*b. Give n(q).
-9
Let s = -21 - -23. Suppose s*n + p + 7 = 0, 2*p + 2*p = -2*n - 22. Let k(d) be the third derivative of d**4/3 - 6*d**2. Calculate k(n).
-8
Let h be (2 - 1)/(2/(-6)). Let n(u) = 161 - 636 + 155 + 154 + 0*u**2 + 162 + u**2 - 2*u. Determine n(h).
11
Let h(l) = 15*l + 5 + 8 + 4 - 21 + 9. Calculate h(-7).
-100
Let j(i) be the third derivative of 5*i**4/24 + 73*i**3/6 - 2*i**2 + 292. Calculate j(-13).
8
Let p(w) be the first derivative of -w**4 - 2*w**3/3 + w**2/2 - 758. Let y be 0 + 2*1/2. Give p(y).
-5
Let c(m) = -m**2 - 12*m + 20. Let x(i) = -38 + i**3 - 2954*i + 2948*i - 4*i**2 - 2*i**3. Let a be x(-4). Calculate c(a).
-8
Let s(n) = -6*n + 11. Let l = -1840 - -1849. What is s(l)?
-43
Let n(z) = 41*z**3 - z**2 + z. Suppose -3*q + 1404 = 1401. Calculate n(q).
41
Let d(k) = 7*k**3 - 6*k**2 + 2*k. Suppose 39*w = 15*w + 96. Let o(v) = 16*v**3 - 13*v**2 + 4*v + 1. Let z(n) = w*o(n) - 9*d(n). Calculate z(-3).
1
Let x(y) = -2*y**3 + 2*y**2. Let l(h) = 20*h - 84. Let m be l(11). Suppose -m = 10*f - 156. Give x(f).
-8
Suppose 4*q + 8 = 6*q, -3*i - 5*q + 35 = 0. Let x be (i - 4)*(12 - 7). Let b(c) = -c - 3. Determine b(x).
-8
Let w(u) = -u**3 + 12*u**2 + 13*u + 11. Let d = -4737 + 4750. Calculate w(d).
11
Let m(t) = -14*t**3 + 24*t**2 - 10*t + 28. Let d(b) = -5*b**3 + 8*b**2 - 3*b + 10. Let u(f) = -11*d(f) + 4*m(f). Give u(6).
32
Suppose v + 189 = -u, -v + 1222 = -4*u + 481. Let h = u - -190. Let f(i) = -i**2 - 5*i + 5. Determine f(h).
-31
Let t(k) be the second derivative of -k**6/360 + k**5/30 + k**3/3 - 61*k**2 - 192*k. Let r(c) be the second derivative of t(c). Calculate r(-3).
-21
Suppose 830 = 4*g + 5*n, 3*g - 418 = g - 4*n. Let c = -209 + g. Let s(q) = -q**2 - 4*q + 7. Calculate s(c).
7
Let j(f) = -27 + 502 + 9*f - 179. Calculate j(-33).
-1
Let g(l) be the second derivative of -7/2*l**2 - 1/3*l**3 + 39*l - 11/12*l**4 - 1/20*l**5 + 0. Give g(-11).
15
Let f = -1092286 - -1092289. Let c(x) = 2*x**2 - x - 1. Let m be c(-1). Let r(i) = -2*i - 4 + m*i + 6*i. Calculate r(f).
14
Suppose 0 = 3*t + 5*g - 22, 0 = 2*t + g - 3. Let r(b) = b - 1. Let v(o) = -8 - 8 + 7 - 5 + 30*o - 10. Let q(x) = t*v(x) + 24*r(x). Give q(1).
-6
Let b(f) be the first derivative of 3*f**2 + 11*f - 1186. Give b(-3).
-7
Let d = -4579 + 4589. Let i(g) be the second derivative of g**4/12 - 3*g**3/2 - 13*g**2/2 - 3*g. Determine i(d).
-3
Suppose -u + 16 = -5*u. Let z(p) = -p - 4. Let t(q) = 10*q. Let n(h) = t(h) + z(h). What is n(u)?
-40
Let a(x) = -25*x + 1843. Let b be a(74). Let f(h) = -h**2 - 5*h + 25. Give f(b).
11
Let w be ((84/30)/(-7))/(3/(-30)). Let h be 0/(-3)*(-1)/(-2). Let c(m) = w + h + m + m - 5. What is c(5)?
9
Suppose -s + 10 = 3*d - 2, 2*d = 2*s. Let z(t) = -2*t**d + 1 + 944*t - 944*t. Give z(-2).
17
Suppose -13*a + 49 + 98 - 82 = 0. Let n(l) = 2 + l**2 - 2*l + 0*l**2 - l + l**2. Give n(a).
37
Let k(u) = u**3 - u**2 - 7*u + 13. Let z = 3332 + -3330. Give k(z).
3
Let